 prime factors of 1476?
2, 3, 41
List the prime factors of 1438.
2, 719
List the prime factors of 99885.
3, 5, 6659
List the prime factors of 41133.
3, 13711
What are the prime factors of 14291?
31, 461
What are the prime factors of 97630?
2, 5, 13, 751
What are the prime factors of 20086?
2, 11, 83
List the prime factors of 18979.
18979
What are the prime factors of 56443?
56443
What are the prime factors of 20539?
19, 23, 47
What are the prime factors of 60418?
2, 17, 1777
What are the prime factors of 71?
71
What are the prime factors of 24007?
24007
What are the prime factors of 548?
2, 137
List the prime factors of 58741.
58741
What are the prime factors of 61558?
2, 7, 4397
What are the prime factors of 60593?
13, 59, 79
What are the prime factors of 18839?
18839
What are the prime factors of 6219?
3, 691
What are the prime factors of 26476?
2, 6619
What are the prime factors of 3337?
47, 71
List the prime factors of 31835.
5, 6367
List the prime factors of 63685.
5, 47, 271
List the prime factors of 3642.
2, 3, 607
What are the prime factors of 2886?
2, 3, 13, 37
List the prime factors of 13252.
2, 3313
What are the prime factors of 1121?
19, 59
What are the prime factors of 24659?
24659
List the prime factors of 10537.
41, 257
What are the prime factors of 1828?
2, 457
List the prime factors of 3233.
53, 61
List the prime factors of 4516.
2, 1129
What are the prime factors of 932?
2, 233
List the prime factors of 19445.
5, 3889
What are the prime factors of 56721?
3, 7, 37, 73
What are the prime factors of 16545?
3, 5, 1103
What are the prime factors of 1667?
1667
What are the prime factors of 398?
2, 199
List the prime factors of 1437.
3, 479
What are the prime factors of 12607?
7, 1801
List the prime factors of 871.
13, 67
List the prime factors of 6971.
6971
List the prime factors of 942.
2, 3, 157
List the prime factors of 11181.
3, 3727
List the prime factors of 13591.
13591
What are the prime factors of 37062?
2, 3, 29, 71
List the prime factors of 1387.
19, 73
List the prime factors of 2099.
2099
List the prime factors of 11739.
3, 7, 13, 43
What are the prime factors of 40783?
17, 2399
List the prime factors of 243.
3
What are the prime factors of 76896?
2, 3, 89
What are the prime factors of 1171?
1171
What are the prime factors of 441?
3, 7
What are the prime factors of 6180?
2, 3, 5, 103
What are the prime factors of 25163?
25163
What are the prime factors of 4234?
2, 29, 73
What are the prime factors of 4538?
2, 2269
What are the prime factors of 179670?
2, 3, 5, 53, 113
What are the prime factors of 848?
2, 53
List the prime factors of 2084.
2, 521
List the prime factors of 3039.
3, 1013
What are the prime factors of 3375?
3, 5
List the prime factors of 2543.
2543
List the prime factors of 683.
683
List the prime factors of 82301.
82301
List the prime factors of 19966.
2, 67, 149
What are the prime factors of 3031?
7, 433
What are the prime factors of 831?
3, 277
List the prime factors of 4196.
2, 1049
What are the prime factors of 5173?
7, 739
List the prime factors of 121071.
3, 40357
List the prime factors of 55750.
2, 5, 223
What are the prime factors of 29941?
79, 379
What are the prime factors of 151?
151
What are the prime factors of 48855?
3, 5, 3257
What are the prime factors of 127392?
2, 3, 1327
List the prime factors of 1684.
2, 421
What are the prime factors of 1289?
1289
List the prime factors of 1488.
2, 3, 31
What are the prime factors of 3369?
3, 1123
List the prime factors of 13205.
5, 19, 139
What are the prime factors of 742?
2, 7, 53
What are the prime factors of 16093?
7, 11, 19
List the prime factors of 792.
2, 3, 11
What are the prime factors of 4018?
2, 7, 41
What are the prime factors of 35226?
2, 3, 19, 103
List the prime factors of 2844.
2, 3, 79
What are the prime factors of 22556?
2, 5639
List the prime factors of 20360.
2, 5, 509
List the prime factors of 841.
29
What are the prime factors of 8042?
2, 4021
What are the prime factors of 5315?
5, 1063
What are the prime factors of 2663?
2663
List the prime factors of 15742.
2, 17, 463
What are the prime factors of 26673?
3, 17, 523
What are the prime factors of 1844?
2, 461
List the prime factors of 27270.
2, 3, 5, 101
What are the prime factors of 34?
2, 17
What are the prime factors of 7939?
17, 467
List the prime factors of 27302.
2, 11, 17, 73
What are the prime factors of 2790?
2, 3, 5, 31
What are the prime factors of 8921?
11, 811
List the prime factors of 58.
2, 29
What are the prime factors of 7192?
2, 29, 31
What are the prime factors of 53800?
2, 5, 269
What are the prime factors of 911?
911
What are the prime factors of 1063?
1063
List the prime factors of 10210.
2, 5, 1021
List the prime factors of 13101.
3, 11, 397
What are the prime factors of 24632?
2, 3079
List the prime factors of 74419.
74419
What are the prime factors of 21173?
31, 683
What are the prime factors of 125762?
2, 7, 13, 691
List the prime factors of 1882.
2, 941
List the prime factors of 27714.
2, 3, 31, 149
List the prime factors of 636.
2, 3, 53
List the prime factors of 84603.
3, 28201
What are the prime factors of 15744?
2, 3, 41
List the prime factors of 143709.
3, 47903
What are the prime factors of 29354?
2, 13, 1129
List the prime factors of 4604.
2, 1151
What are the prime factors of 13058?
2, 6529
List the prime factors of 10935.
3, 5
What are the prime factors of 27191?
27191
What are the prime factors of 30072?
2, 3, 7, 179
What are the prime factors of 2505?
3, 5, 167
List the prime factors of 9800.
2, 5, 7
List the prime factors of 1804.
2, 11, 41
List the prime factors of 24154.
2, 13, 929
What are the prime factors of 1882?
2, 941
What are the prime factors of 279?
3, 31
List the prime factors of 77007.
3, 7, 19, 193
List the prime factors of 158308.
2, 19, 2083
List the prime factors of 674.
2, 337
List the prime factors of 25638.
2, 3, 4273
List the prime factors of 142002.
2, 3, 7, 23
List the prime factors of 79235.
5, 13, 23, 53
List the prime factors of 511.
7, 73
List the prime factors of 7065.
3, 5, 157
List the prime factors of 595.
5, 7, 17
What are the prime factors of 1502?
2, 751
List the prime factors of 31141.
11, 19, 149
List the prime factors of 47942.
2, 23971
What are the prime factors of 20359?
20359
What are the prime factors of 1897?
7, 271
List the prime factors of 1625.
5, 13
What are the prime factors of 2975?
5, 7, 17
List the prime factors of 49864.
2, 23, 271
List the prime factors of 100575.
3, 5, 149
List the prime factors of 1449.
3, 7, 23
List the prime factors of 2032.
2, 127
What are the prime factors of 799?
17, 47
What are the prime factors of 22763?
13, 17, 103
What are the prime factors of 1889?
1889
What are the prime factors of 14109?
3, 4703
What are the prime factors of 5862?
2, 3, 977
List the prime factors of 1772.
2, 443
List the prime factors of 950.
2, 5, 19
List the prime factors of 11426.
2, 29, 197
What are the prime factors of 10218?
2, 3, 13, 131
What are the prime factors of 72740?
2, 5, 3637
List the prime factors of 578.
2, 17
List the prime factors of 2680.
2, 5, 67
List the prime factors of 1304.
2, 163
What are the prime factors of 32950?
2, 5, 659
What are the prime factors of 61172?
2, 41, 373
List the prime factors of 1149.
3, 383
What are the prime factors of 32198?
2, 17, 947
List the prime factors of 5965.
5, 1193
List the prime factors of 338.
2, 13
What are the prime factors of 75325?
5, 23, 131
What are the prime factors of 2181?
3, 727
List the prime factors of 11739.
3, 7, 13, 43
List the prime factors of 54169.
19, 2851
List the prime factors of 91289.
11, 43, 193
List the prime factors of 3353.
7, 479
What are the prime factors of 1222?
2, 13, 47
List the prime factors of 31536.
2, 3, 73
What are the prime factors of 839?
839
What are the prime factors of 17055?
3, 5, 379
What are the prime factors of 1778?
2, 7, 127
What are the prime factors of 1261?
13, 97
List the prime factors of 563.
563
What are the prime factors of 6763?
6763
What are the prime factors of 5513?
37, 149
List the prime factors of 9016.
2, 7, 23
What are the prime factors of 123434?
2, 61717
What are the prime factors of 12270?
2, 3, 5, 409
List the prime factors of 80339.
7, 23, 499
List the prime f